remainder when d is divided by g(-32).
13
Suppose 102*q - 11020 = 27*q + 46*q. What is the remainder when 23178 is divided by q?
378
Let t = -1971 - -2749. Calculate the remainder when t is divided by 20.
18
Suppose -68*r = -149*r + 71*r + 3610. Calculate the remainder when 378 is divided by r.
17
Let s(d) = -d**3 - 3*d**2 + 44*d - 9. Calculate the remainder when 804 is divided by s(-9).
75
Suppose -3*v + 9 = 3*c, 0 = v + 3*c + 12 - 17. Suppose 4*g - 4*a = 256, v*g - 2*a + 280 = 6*g. What is the remainder when g is divided by 29?
10
Let k = 4516 - 4349. Suppose 6*v = 4*v + 132. What is the remainder when k is divided by v?
35
Calculate the remainder when 42/8*34608/252 is divided by 105.
91
Let m(t) = t**3 - 5*t**2 + 4*t - 11. Let p be m(5). Let s = p - 19. Let u(n) = 3*n + 35. What is the remainder when 59 is divided by u(s)?
4
Let x = 52 + -69. Let v = x - -71. Calculate the remainder when v is divided by 20.
14
Let m(o) = o - 7. Let c be m(5). Let h(p) = -p**2 + 17*p - 73. Let f be h(10). Calculate the remainder when 45 is divided by (-46)/(f - (-3 - c)).
22
Let r = -43 - -52. Let o = r + -10. Calculate the remainder when 74 is divided by 64/6 - o - 26/39.
8
Calculate the remainder when (8 - 60/(-6))*(-1096)/(-36) is divided by 531.
17
Let j be 4/(88/48 + -2). Calculate the remainder when 172 is divided by 52 - -6*(-32)/j.
52
Let l = -37 + 46. Suppose 136 = -l*b + 11*b. Suppose 4*j = 5*j - b. What is the remainder when j is divided by 18?
14
Let y(u) = -u**3 - u**2 + 3*u - 10. Let z be y(-3). Calculate the remainder when 160 is divided by -1 - z*6*48/36.
6
Suppose 13*q - 11635 = -1170. Suppose 0 = -23*y + q - 161. Calculate the remainder when 41 is divided by y.
13
Suppose -4*m + 2*v + 6 = 2, -3*v + 21 = 3*m. Let o be (-4)/m - (8/(-6) - -1). Calculate the remainder when (63/5)/(o/(-5)) is divided by 13.
11
Suppose 2*z = -3*p - 1, 0*p + 3*p - z - 5 = 0. Suppose 91 = -5*s + 3*b + b, 2*b - 74 = 4*s. Let c = p - s. What is the remainder when 56 is divided by c?
16
Let r = -5845 + 5883. What is the remainder when 2049 is divided by r?
35
Let r(w) = w**2 - 13*w - 69. Let p be r(-4). Suppose 0 = -4*q - 13 + 77. What is the remainder when (-2)/(-4)*(p + 2 - -91) is divided by q?
14
Let a(c) = -2*c**2 + 26*c - 45. Let u be a(10). Suppose 3*q - 45 = -u. What is the remainder when 26 is divided by q?
6
Let x(w) = 5*w**2 - 41*w + 11. Let h(l) = 7*l**2 - 41*l + 10. Let j(k) = -2*h(k) + 3*x(k). What is the remainder when j(47) is divided by 37?
36
Suppose -164*i + 165*i = 9. Calculate the remainder when (636/10)/(6/15) is divided by i.
6
Let q(h) = -h**3 - 83*h**2 - 533*h + 392. What is the remainder when q(-76) is divided by 454?
14
Suppose -13*b + 2631 + 2598 - 770 = 0. Calculate the remainder when 731 is divided by b.
45
Let z = 2 - 0. Suppose -3*w = -8*p - p - 33, -19 = 3*p - 5*w. What is the remainder when 17 is divided by p + z + (3 + 1 - 1)?
1
Let g(m) = -267*m**3 + 536*m**3 - 5 + 8*m**2 + 9*m - 268*m**3. What is the remainder when 86 is divided by g(-6)?
8
Suppose -8 = -16*a + 24. Suppose -a*k = -0*k + x - 219, 0 = -5*k - 2*x + 549. What is the remainder when k is divided by 14?
13
Let w be (-10)/(-35) - 36/(-21). Suppose 0 = 3*v - g - 35, 0 = w*v - 3*v + 5*g + 7. Let r = -981 - -986. Calculate the remainder when v is divided by r.
2
Let s(w) = 3*w + 0*w**2 + 12*w + 6*w**2 - 7*w**2 - 10. Calculate the remainder when s(8) is divided by (-4 - (-50)/35)/(3/(-28)).
22
Let w = 8147 - 4986. Calculate the remainder when w is divided by 28.
25
Suppose 0 = 31*w - 152 + 28. Suppose 9*l - 11*l = -2*b + 10, -w*b - 2*l = -8. Calculate the remainder when 23 is divided by b.
2
What is the remainder when 21405/40 - (-4 + 1/(8/33)) is divided by 67?
66
Let h be (((-9)/(-6))/(-3))/(10/60) + 6. Let l be 538 - (2 - 0)/(-2). Suppose l = 14*y - h*y. Calculate the remainder when y is divided by 10.
9
Suppose 8*i - 4*i - 16 = 0. Let w be (2*i)/((3 - 4)/3). Let c = 94 + w. What is the remainder when c is divided by 24?
22
Let f = -826 - -972. What is the remainder when 271 is divided by f?
125
Let o = 23903 + -23863. Suppose 65 = 2*t - 167. Calculate the remainder when t is divided by o.
36
Suppose -5142 - 3786 = -48*k. Calculate the remainder when 372 is divided by k.
0
Suppose -3*a + 90*a + 315 = 1446. Suppose -5*f = -4*p - 17, 2*f - 2*p - 6 = -0*p. What is the remainder when a is divided by f?
3
Suppose -14*r + 10*r = -27 - 17. Let s = 225 - 75. What is the remainder when s is divided by r?
7
Let o = 109 - 78. Suppose 2*g + c = 300, 0 = 2*c - 3 + 11. Calculate the remainder when g is divided by o.
28
Suppose -10 = 4*s - 30. Let v be (-1375)/(-50)*(-2 - 0). Let l = -50 - v. Calculate the remainder when s is divided by l.
0
Let o = -14 - -19. Let r(n) = n**2 + 27*n + 199. What is the remainder when r(-10) is divided by o?
4
Suppose -w = 4*o - 5*w + 236, -5*o - 5*w - 345 = 0. Let u = 68 + o. Let t(b) = 3*b + 11. What is the remainder when t(5) is divided by u?
2
Let n(d) = 2*d**2 + 54*d + 13. Let m be n(-27). Suppose -m*p + 106 = -193. What is the remainder when 251 is divided by p?
21
Suppose -5*l + 3532 = -165*j + 167*j, -5*j = 5*l - 8890. What is the remainder when j is divided by 149?
147
Suppose 975*n - 4 = 973*n. Let k = -19 - -47. Suppose k - 29 = -g. What is the remainder when n is divided by g?
0
Let m = 228 + -222. Suppose -4*f + 12 = -28. What is the remainder when f is divided by m?
4
Let c be (-1 + 90/3)*-1. Let t = -27 - c. Suppose -f - 3*o + 28 = -4, -t*f + o + 50 = 0. What is the remainder when f is divided by 7?
5
Suppose -2*b - 5*x + 2490 = 0, -5*b - 5*x + 7754 = 1514. What is the remainder when b is divided by 317?
299
Let d = 168 + 141. Let y = d - 253. Calculate the remainder when y is divided by 31.
25
Let u be 1/6*-3*64/(-2). What is the remainder when 185 is divided by (u - (0 - -5)) + (-2 - 0)?
5
Let s = 37 + -33. Let a(k) = 3*k + 2 + 0*k + s*k. Calculate the remainder when 95 is divided by a(2).
15
Let a = -2568 - -2956. What is the remainder when a is divided by 166?
56
Let i(f) = f**2 + 2*f - 6. Suppose -10*t + 1187 = -63. What is the remainder when t is divided by i(-5)?
8
Suppose 0*n - 4*n = t + 21, -3*n + 2*t = 13. Let y be (7/(-4) + 0)/(n/40). Suppose -y*q + 105 = -13*q. Calculate the remainder when q is divided by 18.
15
Suppose -f = 3*n - 16, 5*f - 22*n - 46 = -20*n. Suppose -f*b = 525 - 1595. Calculate the remainder when b is divided by (-356)/(-10) - 2/(-5).
35
Let p be (-850)/4*360/(-150). Suppose 5*u + 456 = 4*y - 224, 3*y - 4*u = p. Calculate the remainder when y is divided by 29.
25
Let p = -6527 - -6587. What is the remainder when 969 is divided by p?
9
Let u(w) = -w**2 + 5*w + 88. Let h be u(-7). Calculate the remainder when 1918/7 + h/(-2) is divided by 91.
90
Suppose 4 = -2*p + 4*p - 3*m, -2*m + 16 = p. Calculate the remainder when p/((-2)/64*-2) is divided by 72.
56
Let q = 252 + -227. Suppose -5*c = -0*c. Suppose 0 = -c*n - 5*n + 65. Calculate the remainder when q is divided by n.
12
Let z = -3827 + 3834. Suppose -2*f = 2*f + 36. What is the remainder when f/(-4)*(-1 + 9) is divided by z?
4
Suppose -1 = -d, 3*k - d = 4*k - 437. Suppose -441*p + k*p = -170. What is the remainder when p is divided by 4?
2
Let i(y) be the third derivative of 7*y**5/2 - 17*y**4/24 - 3*y**3 - 163*y**2. Calculate the remainder when i(-1) is divided by 35.
34
Let q = 975 - 255. Suppose q = -5*v + 10*v. Suppose -h = 4*h - l - v, -2*h - 4*l = -40. Calculate the remainder when 82 is divided by h.
26
Suppose 15*f - 152 = 11*f. Suppose 2*c - 5*n = -44 + 119, 3*n = c - f. Let q = c + -25. What is the remainder when 68 is divided by q?
8
What is the remainder when 12880730/6358 + 1/11 is divided by 170?
156
Suppose 2*n = 2*v + 2845 + 14923, -2*n = 3*v - 17733. What is the remainder when n is divided by 37?
34
Let o(p) = -p**3 - 13*p**2 + 36*p + 12. What is the remainder when 217 is divided by o(-16)?
13
Let s be 16/(-6)*(-153)/12. Let k = s + -4. Let i = k + 7. What is the remainder when i is divided by 10?
7
Let k = 18199 + -18191. What is the remainder when 13294 is divided by k?
6
Let o(w) = 2*w + 25. Let q be o(-11). Suppose -q*x + 3 = -4*p + p, -2*x + 22 = 3*p. What is the remainder when -1 + -1 + 192 + p is divided by 49?
47
Let j = -5307 + 5610